 of 879?
3, 293
List the prime factors of 1416.
2, 3, 59
What are the prime factors of 2384?
2, 149
List the prime factors of 920.
2, 5, 23
List the prime factors of 490.
2, 5, 7
List the prime factors of 45235.
5, 83, 109
What are the prime factors of 13749?
3, 4583
What are the prime factors of 38?
2, 19
List the prime factors of 4716.
2, 3, 131
List the prime factors of 3062.
2, 1531
List the prime factors of 8902.
2, 4451
What are the prime factors of 8556?
2, 3, 23, 31
What are the prime factors of 12657?
3, 4219
What are the prime factors of 6220?
2, 5, 311
What are the prime factors of 1495?
5, 13, 23
What are the prime factors of 15667?
15667
What are the prime factors of 4773?
3, 37, 43
What are the prime factors of 8375?
5, 67
List the prime factors of 19196.
2, 4799
What are the prime factors of 32009?
32009
What are the prime factors of 57449?
7, 29, 283
List the prime factors of 6841.
6841
What are the prime factors of 14605?
5, 23, 127
What are the prime factors of 9059?
9059
What are the prime factors of 46651?
11, 4241
What are the prime factors of 2352?
2, 3, 7
What are the prime factors of 25881?
3, 8627
What are the prime factors of 2080?
2, 5, 13
What are the prime factors of 3209?
3209
What are the prime factors of 24995?
5, 4999
What are the prime factors of 318?
2, 3, 53
What are the prime factors of 32781?
3, 7, 223
What are the prime factors of 2925?
3, 5, 13
What are the prime factors of 7164?
2, 3, 199
List the prime factors of 1820.
2, 5, 7, 13
What are the prime factors of 1508?
2, 13, 29
List the prime factors of 2351.
2351
List the prime factors of 3134.
2, 1567
What are the prime factors of 45260?
2, 5, 31, 73
What are the prime factors of 628?
2, 157
What are the prime factors of 47415?
3, 5, 29, 109
List the prime factors of 1492.
2, 373
List the prime factors of 13340.
2, 5, 23, 29
What are the prime factors of 1761?
3, 587
What are the prime factors of 1962?
2, 3, 109
What are the prime factors of 265?
5, 53
List the prime factors of 3080.
2, 5, 7, 11
List the prime factors of 29130.
2, 3, 5, 971
What are the prime factors of 14808?
2, 3, 617
List the prime factors of 6638.
2, 3319
List the prime factors of 70554.
2, 3, 11, 1069
List the prime factors of 15147.
3, 11, 17
What are the prime factors of 32204?
2, 83, 97
List the prime factors of 1606.
2, 11, 73
List the prime factors of 1027.
13, 79
What are the prime factors of 24320?
2, 5, 19
What are the prime factors of 4810?
2, 5, 13, 37
List the prime factors of 172.
2, 43
List the prime factors of 20819.
109, 191
What are the prime factors of 6238?
2, 3119
List the prime factors of 537.
3, 179
List the prime factors of 1136.
2, 71
List the prime factors of 2647.
2647
What are the prime factors of 1336?
2, 167
List the prime factors of 1623.
3, 541
What are the prime factors of 63644?
2, 7, 2273
List the prime factors of 5525.
5, 13, 17
List the prime factors of 49216.
2, 769
What are the prime factors of 301?
7, 43
List the prime factors of 4183.
47, 89
List the prime factors of 13008.
2, 3, 271
What are the prime factors of 7770?
2, 3, 5, 7, 37
What are the prime factors of 9126?
2, 3, 13
List the prime factors of 29935.
5, 5987
What are the prime factors of 30494?
2, 79, 193
List the prime factors of 870.
2, 3, 5, 29
What are the prime factors of 94?
2, 47
List the prime factors of 39048.
2, 3, 1627
What are the prime factors of 1770?
2, 3, 5, 59
What are the prime factors of 2266?
2, 11, 103
List the prime factors of 42749.
7, 31, 197
List the prime factors of 15342.
2, 3, 2557
What are the prime factors of 33702?
2, 3, 41, 137
What are the prime factors of 5197?
5197
What are the prime factors of 4892?
2, 1223
List the prime factors of 516.
2, 3, 43
List the prime factors of 4070.
2, 5, 11, 37
What are the prime factors of 4357?
4357
List the prime factors of 72770.
2, 5, 19, 383
List the prime factors of 1203.
3, 401
What are the prime factors of 15?
3, 5
What are the prime factors of 28038?
2, 3, 4673
What are the prime factors of 84?
2, 3, 7
What are the prime factors of 527?
17, 31
List the prime factors of 18224.
2, 17, 67
What are the prime factors of 13327?
13327
List the prime factors of 1792.
2, 7
List the prime factors of 4946.
2, 2473
What are the prime factors of 24844?
2, 6211
List the prime factors of 1278.
2, 3, 71
List the prime factors of 6590.
2, 5, 659
What are the prime factors of 23303?
7, 3329
List the prime factors of 396.
2, 3, 11
List the prime factors of 687.
3, 229
What are the prime factors of 1629?
3, 181
List the prime factors of 12928.
2, 101
What are the prime factors of 29438?
2, 41, 359
List the prime factors of 111314.
2, 7, 7951
What are the prime factors of 180?
2, 3, 5
What are the prime factors of 1310?
2, 5, 131
What are the prime factors of 14762?
2, 11, 61
List the prime factors of 88787.
19, 4673
List the prime factors of 270.
2, 3, 5
List the prime factors of 1993.
1993
What are the prime factors of 33971?
7, 23, 211
What are the prime factors of 2825?
5, 113
What are the prime factors of 6373?
6373
List the prime factors of 433.
433
What are the prime factors of 573?
3, 191
What are the prime factors of 38568?
2, 3, 1607
What are the prime factors of 13456?
2, 29
What are the prime factors of 9868?
2, 2467
What are the prime factors of 15861?
3, 17, 311
List the prime factors of 2227.
17, 131
List the prime factors of 16527.
3, 7, 787
What are the prime factors of 1155?
3, 5, 7, 11
What are the prime factors of 1248?
2, 3, 13
What are the prime factors of 2052?
2, 3, 19
What are the prime factors of 1360?
2, 5, 17
What are the prime factors of 1177?
11, 107
What are the prime factors of 218?
2, 109
What are the prime factors of 10018?
2, 5009
What are the prime factors of 5252?
2, 13, 101
List the prime factors of 2681.
7, 383
List the prime factors of 44608.
2, 17, 41
List the prime factors of 983.
983
What are the prime factors of 4234?
2, 29, 73
What are the prime factors of 173654?
2, 13, 6679
What are the prime factors of 2397?
3, 17, 47
What are the prime factors of 46708?
2, 11677
List the prime factors of 48585.
3, 5, 41, 79
List the prime factors of 158867.
158867
List the prime factors of 170209.
13, 13093
List the prime factors of 113314.
2, 53, 1069
What are the prime factors of 7012?
2, 1753
List the prime factors of 3602.
2, 1801
What are the prime factors of 2941?
17, 173
List the prime factors of 9139.
13, 19, 37
What are the prime factors of 20697?
3, 6899
List the prime factors of 22860.
2, 3, 5, 127
What are the prime factors of 8438?
2, 4219
List the prime factors of 4447.
4447
List the prime factors of 6815.
5, 29, 47
What are the prime factors of 5104?
2, 11, 29
List the prime factors of 862.
2, 431
List the prime factors of 31542.
2, 3, 7, 751
List the prime factors of 6920.
2, 5, 173
What are the prime factors of 5750?
2, 5, 23
List the prime factors of 52693.
23, 29, 79
List the prime factors of 1157.
13, 89
What are the prime factors of 572?
2, 11, 13
What are the prime factors of 11524?
2, 43, 67
What are the prime factors of 1883?
7, 269
What are the prime factors of 8031?
3, 2677
What are the prime factors of 16553?
16553
List the prime factors of 165.
3, 5, 11
List the prime factors of 432.
2, 3
List the prime factors of 3821.
3821
List the prime factors of 919.
919
What are the prime factors of 1340?
2, 5, 67
What are the prime factors of 1927?
41, 47
List the prime factors of 848.
2, 53
List the prime factors of 2729.
2729
List the prime factors of 58451.
58451
What are the prime factors of 6661?
6661
List the prime factors of 146.
2, 73
List the prime factors of 89208.
2, 3, 7, 59
What are the prime factors of 12498?
2, 3, 2083
List the prime factors of 8182.
2, 4091
What are the prime factors of 8969?
8969
What are the prime factors of 686?
2, 7
List the prime factors of 24634.
2, 109, 113
What are the prime factors of 1536?
2, 3
What are the prime factors of 166350?
2, 3, 5, 1109
List the prime factors of 252.
2, 3, 7
List the prime factors of 23696.
2, 1481
What are the prime factors of 2860?
2, 5, 11, 13
List the prime factors of 249.
3, 83
List the prime factors of 156229.
156229
What are the prime factors of 139964?
2, 11, 3181
List the prime factors of 22333.
23